-14)?
28
What is 12 - ((-258 - -250) + 1 + (-10 - 1))?
30
Calculate (-28 - ((10 - 0) + 14)) + 0 + 22.
-30
What is -23 + (23 - -15) - (-9 + -1 + 1)?
24
Evaluate -91 + (20 - (3 - (-47 - -8))).
-113
What is -1048 + 1002 - (-6 + -2)?
-38
Calculate (93 + -79 - 126) + 78.
-34
What is -1 + 13 + (7 - (48 + -27)) + 11?
9
What is (58 - 5) + 8 + -9 + (-16 + 25 - 22)?
39
What is the value of 2 + 15 + (-130 + 68 - -33)?
-12
Evaluate 37 + -5 + (-10 + -15 - -3).
10
What is the value of 14 + 7 + -18 + (-50 - 7) - (2 + 0)?
-56
What is (4 - (-30 + -4)) + (2 + -21 - -10) + 13?
42
(55 - 44) + (-6 - (42 - 9))
-28
4 - (-60 + 10 + -14)
68
-7 - (-44 - (-42 - 32))
-37
Calculate 12 - ((1 - 29) + 47).
-7
What is 20 - 10 - -42 - 138?
-86
Evaluate (138 - (-108 - -175)) + -26 + 2.
47
(-1 - 23) + (8 - -18) + -11
-9
Calculate (-2 - -1) + -1 - (21 + (-7 - 60)).
44
((3 - 7) + -6 - (-10 - 37)) + (-2 - -16)
51
Calculate -27 + -7 + -2 + -8 + -3 + 13.
-34
Calculate 2 + -2 + 5 + 31 + -53 + 57 + -40.
0
What is the value of 753 + -713 + 4 + (-1 - 4)?
39
What is the value of 72 - (1 + -17 - 11) - (0 - -6)?
93
What is the value of (20 - 43 - -11) + (11 - 6) + -15?
-22
Calculate 0 + 2 + 12 + (161 + -307 - -145).
13
Calculate -6 - (2 - 1) - (-1041 + 990 - (-4 - 58)).
-18
What is the value of (-44 - 38) + 45 - 9?
-46
Evaluate -21 + (5 - -15 - 26).
-27
What is (-173 - -151) + (7 - (-19 + 4 - 1))?
1
What is 48 - -4 - 125 - (-6 - 0)?
-67
(-26 + 3 - (-96 - -88 - (1 - 2))) + -4
-20
Evaluate -129 + (253 - 134) + -61.
-71
3 + 39 + 1 + -2 + 2158 + -2147 + 12
64
What is 1 + 11 + (-38 - (-16 + -3))?
-7
Calculate (-23 - -1 - (-30 + -10)) + 5.
23
What is the value of (40 - (-83 + -16)) + -59?
80
Evaluate (-1 - -72) + (1745 - 1751).
65
What is (-4 - (-3 + -2)) + -41 + (-181 - -181)?
-40
-33 + 4 + 1 + 3 + -1 + 0 + -5
-31
What is 1 - 46 - -22 - -15?
-8
Evaluate -11 + -8 + (43 - (19 + -2)) - -6.
13
Calculate -7 + (31 - (-37 + (8 + 0 - -15))).
38
What is -21 - (-29 - -35) - 20?
-47
Evaluate 28 - -1 - (1123 + -1028).
-66
Calculate 117 + -242 + 112 + 61.
48
What is the value of -26 + 1 - (-54 + -10 + 72)?
-33
Calculate (-12 - -1) + ((-10 - -2) + 70 - (-61 - -56)).
56
What is -114 + 91 + (-3 + 6 - -16)?
-4
What is ((-4 - 0) + -118 - -5) + (-24 - -26)?
-115
Evaluate (-40 - (12 - 10)) + 65 + -49.
-26
(-18 + 1 - -1) + -2385 + 2427
26
Calculate 10 + (-62 - -15) - -86.
49
Calculate (7 - (11 + (10 - -6)) - -19) + (-42 - 0).
-43
Calculate -2 + (36 + -5 - 19) + (6 - 32).
-16
What is (-11 - 0) + 13 + (-1 - -2) + 135 + -88?
50
Calculate -4 + -20 + 27 - (21 + -6).
-12
What is 47 + (-110 - -64 - -70)?
71
What is the value of 595 + -582 + 15 + (-4 - -8)?
32
What is (7 - (-16 - -32)) + (26 - 26) + (107 - 2)?
96
Calculate -99 - (-80 + 66 + -72).
-13
What is 1445 + -1355 + -149 + 0?
-59
Evaluate (25 - 33) + (7 + -1 + 103 - (-24 + 24)).
101
What is the value of 34 + 33 + 126 + -121 + (-6 - -1)?
67
Calculate (-154 - -46 - -276) + -75.
93
What is the value of (-11 - (3 + -28)) + -12?
2
What is -2 + -21 - -7 - -40 - 26?
-2
0 + 1 + 17 + (-61 - -70)
27
What is -5 - (-73 + 63) - 29?
-24
What is the value of 59 + -54 + (2 - -12) + -156 + (4 - 2)?
-135
129 + -126 + (11 + -5 - (16 + (2 - -3)))
-12
Evaluate 114 - (43 - (-252 - -122)).
-59
Evaluate 54 + -2 - (307 + -259).
4
What is 7 + -1 + 54 + -54 + -1 + -13?
-8
Calculate -14 - (-29 - -8) - (3 - -11).
-7
What is the value of (2 - 4) + (34 - 16)?
16
What is 3 + -1 + -26 - (-7178 + 7160)?
-6
What is (8 - 4) + -24 - -18?
-2
22 + -39 + (-4 - -52)
31
Calculate 58 + -58 + 10 + -9.
1
Calculate (-88 - (-11 - -10)) + 67.
-20
What is -77 - ((6 + 18 - 20) + -19 - (-1 + 2))?
-61
Evaluate 1 + (-12 - (-219 + 69 + (23 - 0))).
116
What is 15 - (-19 + 7 + -4 + 52)?
-21
Evaluate -8 - (-1 - (3 - -3 - 6) - 5 - 35).
33
Calculate (25 - 9) + 33 + -62 + 108 + 3.
98
Evaluate -25 + 21 + 19 + (2 - -9).
26
Calculate 13 - (53 - (-58 - -154)).
56
Evaluate 0 - (7 - -1) - (1 - 1 - -10).
-18
Calculate (26 - (-29 + 62)) + -20 - 7.
-34
Calculate 27 - ((4 - 35 - -4) + 13).
41
Evaluate -35 - (-3 + -1 + 14 + (3 - (-3 - -14))).
-37
-55 + (12 + -61 - -127)
23
Evaluate 68 + -19 + -32 + -11.
6
What is the value of -2 - (23 + -72 + 14 + 14 + 9 + -2)?
12
(2 - (-10 - (-2 + -10) - (7 - -2))) + -102
-93
Calculate (34 - -3 - (-454 + 488)) + (0 - -33).
36
Calculate (-5 - (-69 - -71)) + -64.
-71
Calculate (-1 + (-3 - -2) - -8) + 461 + -507 + 3.
-37
Calculate 11 - (1 + -9 + -11 + -15 + 35).
10
-10 + ((-1 - -3 - (22 + -19)) + -10 - -6)
-15
Calculate -12 - -3 - (10 - -14 - 18) - 123.
-138
-5 - -125 - (1846 - 1767)
41
-26 + 62 + (-45 - -3)
-6
What is 106 - ((103 - 183) + 119)?
67
1 - -9 - ((3 - -15 - 0) + (5 - -4))
-17
What is -41 - (108 - (-81 + 150))?
-80
What is the value of (-2 + 43 - 10) + (714 - 691)?
54
-318 + 414 - (48 + -7)
55
What is the value of (-31 - (8 + -2 + -22)) + (-2 - (2 - 35))?
16
210 - 222 - (8 + -2 + (-8 - -113 - -2))
-125
Evaluate (6 + -6 + -4 + 36 - -8) + -4.
36
What is -7 - (-18 - 7 - (3 + (0 - 8) + 2))?
15
What is the value of -53 + 35 - (-43 + 43)?
-18
Evaluate (-97 - -191) + -70 - -63.
87
What is -99 + (68 - (-149 - -121))?
-3
What is 108 - ((7 - 7) + (6 - 1 - 22))?
125
21 - (-8 - (-71 + 45))
3
60 - (19 - (-67 + 38))
12
2 - (1 + -13 - -3 - (0 - (1 + 38)))
-28
Calculate 20 - (18 + 8 + 12 - -12).
-30
Calculate (75 - (-13 + 4)) + -8 + -2.
74
Evaluate 61 + (-38 - -15) + -6.
32
What is the value of (3 + -7 - 15) + -6 + (20 - 28)?
-33
What is the value of -80 + 9 + 12 - (5 + -9 - -3)?
-58
Calculate 11 + 0 + 80 + -91 + -25.
-25
What is 9 + 47 + -7 + -8?
41
Calculate -23 + (57 - 12) + (-5 - -9) + 7.
33
1 - (1 + 0 + 5) - (10370 + -10379)
4
What is 19 - (14 + (6 - 40) + 66)?
-27
474 - 384 - (95 - -51)
-56
33 + (22 - (-6 + 28)) - (-1 - 9)
43
Calculate -1 + 61 + -843 + 832.
49
What is 0 - 3 - (11 - 10 - -15 - 11) - 18?
-26
Evaluate 39 + -1 + -3 - (-41 + -11 - -60).
27
What is the value of -27 + 11 + 5 + 108 + 7 + -10?
94
What is the value of -11 + (87 - (-44 + 44))?
76
What is the value of (96 + -119 - -104) + -57?
24
What is the value of (-14 - ((9 + -53 - -6) + -8)) + (3 - -1)?
36
Evaluate -18 - (-35 + -7 + (-37 - 3)).
64
(9 - 71) + (-217 - -276)
-3
((17 - -43) + -10 - 18) + -15
17
What is -80 - (87 + -7 - 167)?
7
Calculate (3 + -40 - (-23 + 32)) + 4.
-42
What is -10 + 3 + 37 - -4 - (0 + 1)?
33
-1 + -2 - -12 - (-2 + (-10 - -11 - -11))
-1
Evaluate -4 + -40 + -979 + 1060.
37
What is -78 + -795 + 816 + (-11 - (-1 + -1))?
-66
What is (116 - 77 - 74) + 62?
27
What is the value of (3 - 5 - 108) + 12 + 0 + -17 + 12?
-103
Calculate 6 - (11 - (2 - 1) - (-15 - -61)).
42
(12 - (10 - -9) - 45) + -22
-74
What is (-35 - (105 - 144)) + 88?
92
44 + 10 + 70 + -22
102
Calculate 15 + (-23 - -1 - (-13 + 10)) + (19 - -1).
16
What is the value of 0 + 3 + 2 + (-45 - (-55 + -39) - 9)?
45
Calculate -461 + 550 + (-5 - -1 - 1).
84
Evaluate -122 - (53 + -181) - (1 + (-2 - -38)).
-31
Calculate 9 + (-8 - -8) - ((7 - 0) + (27 - 38)).
13
Calculate -18 + 13 + 11 + -2 - 8 - -31.
27
Calculate 14 + 2 + -29 + -7 + -84 + -2 - -13.
-93
Calculate -1 + 11 + -3 + 6 + (9 - 42).
-20
What is 7 - ((-2 - -6) + 66 + (-19 - 38))?
-6
95 - (10 + 7 + (11 - 14) + -15 - -6)
90
What is the value of 8 + 10 + (-26 - (-5 + -7 + 0)) - -73?
77
Calculate -15 + 0 + 2 + (-72 - -46 - -42 - 27).
-24
What is the value of 10 - (62 - 74 - (-1 + -2 - -27))?
46
Calculate 185 + -54 + -173 + 4.
-38
Evaluate 65 - ((8 - (21 - (-6 + -11))) + 19).
76
What is (-1 + 26 + 1 - (-30 - -31)) + -41 + 53?
37
What is the value of -88 + 91 - (-44 - (3 - 12))?
38
(3 - 43 - (-1 - -6)) + 10 + -1 + -3
-39
Evaluate 1 - (-18 + 5 + 9 + (-4 - 1) - -1).
9
What is the value of -75 + (6 - (2 + -2)) - (-216 - -227)?
-80
Evaluate (2 + (0 - -5) - 1) + -16 - (39 - -12).
-61
What is the value of 30 + 23 + -36 + -47?
-30
Evaluate 46 + 0 - (49 + (11 - 47)).
33
What is -5 + -87 + (75 - 37)?
-54
What is -13 + (5 + -53 - -121)?
60
Evaluate (4 + -27 - -4 - 12) + -45.
-76
10 - 2 - ((19 - 137) + 73)
53
What is the value of (92 - 191) + -26 + 8?
-117
What is -2859 + 2864 - ((-1 - -2) + 0) - 104?
-100
What is -30 - (-10 + (15 - 30)) - (28 + 3)?
-36
Evaluate 22 + 1 + -55 - -14.
-18
Evaluate 25 - (-7 - (5 + -25 - 3)).
9
Calculate -19 - (75 + (12 - 68)).
-38
10 + 6 + -16 + -41
-41
What is 22 + 10 + 0 + -18 + -39?
-25
Evaluate 